
Is 1164121 a composite number?
True
Is 30241 prime?
True
Is 285803 prime?
False
Is 9007 a prime number?
True
Is 35729 composite?
False
Is 8341 composite?
True
Is 1074259 a prime number?
True
Is 73579 a prime number?
False
Is 1218733 a composite number?
True
Is 307 composite?
False
Is 62963 composite?
True
Is 31601 prime?
True
Is 14903 prime?
False
Is 14681 prime?
False
Is 23497 a prime number?
True
Is 33671 composite?
True
Is 211183 a prime number?
False
Is 6469 composite?
False
Is 30353 composite?
True
Is 18947 prime?
True
Is 34841 a composite number?
False
Is 53503 prime?
True
Is 971753 a prime number?
True
Is 1531253 composite?
False
Is 14251 a composite number?
False
Is 76333 a prime number?
True
Is 5533 a prime number?
False
Is 140333 prime?
True
Is 251737 prime?
True
Is 484339 a prime number?
True
Is 11015 composite?
True
Is 1087 a prime number?
True
Is 110221 a composite number?
False
Is 4279 a prime number?
False
Is 130069 prime?
True
Is 2371 a prime number?
True
Is 88747 composite?
False
Is 44761 prime?
False
Is 27323 prime?
False
Is 2021027 a composite number?
True
Is 101219 a composite number?
True
Is 1087 prime?
True
Is 3631517 prime?
True
Is 826601 prime?
False
Is 26639 prime?
False
Is 646757 composite?
False
Is 164321 a composite number?
False
Is 15167 composite?
True
Is 83935 composite?
True
Is 9811 prime?
True
Is 31615 prime?
False
Is 838 prime?
False
Is 220919 a composite number?
False
Is 21269 prime?
True
Is 16739 a prime number?
False
Is 82339 a composite number?
False
Is 36037 a prime number?
True
Is 7246 a composite number?
True
Is 876457 composite?
True
Is 130459 composite?
True
Is 757249 a composite number?
True
Is 41573 composite?
True
Is 1412357 composite?
False
Is 65677 a prime number?
True
Is 309433 composite?
False
Is 60509 prime?
True
Is 2147 a prime number?
False
Is 39853 composite?
True
Is 135551 a composite number?
True
Is 7729 composite?
True
Is 25027 a prime number?
False
Is 9611 prime?
False
Is 6197 a prime number?
True
Is 312509 a composite number?
False
Is 32447 prime?
False
Is 42049 a composite number?
True
Is 191063 composite?
True
Is 6449 prime?
True
Is 1199389 prime?
True
Is 246461 prime?
False
Is 32459 a prime number?
False
Is 129669 prime?
False
Is 41435 a prime number?
False
Is 65287 prime?
True
Is 28738 a composite number?
True
Is 12757 prime?
True
Is 2237891 prime?
False
Is 58271 a composite number?
False
Is 267193 a composite number?
False
Is 205297 a prime number?
True
Is 216509 a composite number?
False
Is 35213 a prime number?
False
Is 424135 composite?
True
Is 71081 a prime number?
True
Is 11657 prime?
True
Is 5597 a prime number?
False
Is 9563 composite?
True
Is 1471 a composite number?
False
Is 145511 composite?
False
Is 319 a prime number?
False
Is 52703 a composite number?
True
Is 31303 a prime number?
False
Is 161097 prime?
False
Is 513977 a composite number?
False
Is 9983 prime?
False
Is 102463 composite?
True
Is 46471 prime?
True
Is 109661 prime?
True
Is 40157 prime?
False
Is 13597 prime?
True
Is 174283 a composite number?
True
Is 541 prime?
True
Is 397781 composite?
True
Is 498271 composite?
False
Is 5323 a composite number?
False
Is 70423 composite?
False
Is 18637 a composite number?
False
Is 3797537 prime?
False
Is 22457 a composite number?
True
Is 508291 a prime number?
False
Is 997393 a composite number?
True
Is 16217 prime?
True
Is 235483 prime?
True
Is 201163 prime?
True
Is 5937 a composite number?
True
Is 2257 prime?
False
Is 206053 a composite number?
True
Is 663829 composite?
True
Is 37633 a composite number?
False
Is 5381 prime?
True
Is 1016299 composite?
True
Is 16355 prime?
False
Is 1014451 a composite number?
False
Is 34829 composite?
True
Is 114701 a composite number?
True
Is 28759 a composite number?
False
Is 171265 a composite number?
True
Is 113 composite?
False
Is 35201 a prime number?
True
Is 344857 prime?
True
Is 53659 a prime number?
False
Is 1245905 a prime number?
False
Is 461095 a composite number?
True
Is 7295 composite?
True
Is 27043 a composite number?
False
Is 9197 a prime number?
False
Is 509603 composite?
False
Is 110857 composite?
True
Is 3809 a prime number?
False
Is 34253 a prime number?
True
Is 13709 prime?
True
Is 39099 a prime number?
False
Is 263323 composite?
False
Is 7597 prime?
False
Is 19517 a composite number?
True
Is 135367 composite?
False
Is 23789 prime?
True
Is 14519 a prime number?
True
Is 108943 a prime number?
True
Is 5773 composite?
True
Is 1733 prime?
True
Is 694417 composite?
True
Is 335689 a prime number?
True
Is 7000655 prime?
False
Is 4391 prime?
True
Is 145693 composite?
True
Is 37379 a prime number?
True
Is 5279 a composite number?
False
Is 196111 a prime number?
True
Is 1455497 a composite number?
True
Is 75137 a prime number?
False
Is 8803 prime?
True
Is 35671 a composite number?
False
Is 190753 composite?
False
Is 240073 prime?
True
Is 174221 a composite number?
False
Is 61207 prime?
False
Is 171919 prime?
False
Is 130681 a prime number?
True
Is 92459 a prime number?
True
Is 32483 prime?
False
Is 101155 a composite number?
True
Is 14587 a prime number?
False
Is 9461 a prime number?
True
Is 312701 a prime number?
True
Is 24317 prime?
True
Is 332699 a composite number?
False
Is 122569 a prime number?
False
Is 15787 a prime number?
True
Is 753163 a prime number?
False
Is 27239 a prime number?
True
Is 47701 prime?
True
Is 395 composite?
True
Is 16917 prime?
False
Is 655069 a prime number?
True
Is 679781 a prime number?
True
Is 80387 composite?
False
Is 49307 composite?
False
Is 4633 a prime number?
False
Is 7031 a prime number?
False
Is 4327 a composite number?
False
Is 12007 composite?
False
Is 527245 prime?
False
Is 186449 prime?
False
Is 1225589 a composite number?
False
Is 107329 prime?
False
Is 10037 prime?
True
Is 9277 composite?
False
Is 378003 prime?
False
Is 98347 a composite number?
False
Is 1367723 a prime number?
False
Is 23098 composite?
True
Is 10771 prime?
True
Is 167483 a composite number?
False
Is 86711 a composite number?
False
Is 161363 composite?
False
Is 6031 prime?
False
Is 127859 prime?
True
Is 18803 a prime number?
True
Is 286279 a composite number?
True
Is 15349 composite?
False
Is 586951 a prime number?
True
Is 18362 prime?
False
Is 70259 composite?
True
Is 120107 prime?
False
Is 22807 a prime number?
True
Is 70651 a composite number?
True
Is 555563 prime?
False
Is 3607 prime?
True
Is 353213 composite?
True
Is 84701 a composite number?
False
Is 7343 prime?
False
Is 117067 a composite number?
True
Is 7939 a prime number?
False
Is 3383 composite?
True
Is 126695 prime?
False
Is 227869 composite?
False
Is 44017 composite?
False
Is 47587 composite?
True
Is 168317 a prime number?
False
Is 89867 a prime number?
True
Is 8791 prime?
False
Is 7061 a composite number?
True
Is 26561 a composite number?
False
Is 1340713 a prime number?
False
Is 43391 prime?
True
Is 1793551 prime?
False
Is 184553 a composite number?
False
Is 83653 prime?
True
Is 701527 a prime number?
True
Is 9343 a composite number?
False
Is 4511 a prime number?
False
Is 185187 composite?
True
Is 449 composite?
False
Is 13859 composite?
False
Is 33793 a prime number?
False
Is 921 prime?
False
Is 6635 a composite number?
True
Is 273937 a prime number?
False
Is 296969 a composite number?
False
Is 2173 composite?
True
Is 12785 prime?
False
Is 57367 a composite number?
False
Is 49193 a composite number?
False
Is 33302 a composite number?
True
Is 69415 a composite number?
True
Is 32177 a prime number?
False
Is 166033 prime?
False
Is 1363 prime?
False
Is 187 prime?
False
Is 4531 prime?
False
Is 75173 composite?
True
Is 262063 a prime number?
False
Is 2076895 a prime number?
False
Is 68813 a prime number?
True
Is 27689 composite?
False
Is 4201 a composite number?
False
Is 21085 prime?
False
Is 38549 prime?
False
Is 1335001 a composite number?
True
Is 2521 a composite number?
False
Is 991 composite?
False
Is 1920257 composite?
False
Is 24151 composite?
False
Is 285235 composite?
True
Is 7679 a prime number?
False
Is 65951 a composite number?
False
Is 33227 prime?
False
Is 2927 a composite number?
False
Is 10487 prime?
True
Is 3369 prime?
False
Is 340999 a prime number?
True
Is 23401 a composite number?
True
Is 2569 a composite number?
True
Is 1069 prime